{"id":165,"date":"2025-08-07T16:30:03","date_gmt":"2025-08-07T14:30:03","guid":{"rendered":"https:\/\/www.icash.at\/?page_id=165"},"modified":"2025-09-14T15:45:13","modified_gmt":"2025-09-14T13:45:13","slug":"kontakt","status":"publish","type":"page","link":"https:\/\/www.icash.at\/?page_id=165","title":{"rendered":""},"content":{"rendered":"\t\t<div data-elementor-type=\"wp-page\" data-elementor-id=\"165\" class=\"elementor elementor-165\">\n\t\t\t\t<div class=\"elementor-element elementor-element-7d3cb09 e-flex e-con-boxed wpr-particle-no wpr-jarallax-no wpr-parallax-no wpr-sticky-section-no e-con e-parent\" data-id=\"7d3cb09\" data-element_type=\"container\" data-e-type=\"container\">\n\t\t\t\t\t<div class=\"e-con-inner\">\n\t\t\t\t<div class=\"elementor-element elementor-element-7c50187 exad-sticky-section-no exad-glass-effect-no elementor-widget elementor-widget-heading\" data-id=\"7c50187\" data-element_type=\"widget\" data-e-type=\"widget\" data-widget_type=\"heading.default\">\n\t\t\t\t\t<h2 class=\"elementor-heading-title elementor-size-default\">Martin M\u00e4rzinger<\/h2>\t\t\t\t<\/div>\n\t\t\t\t<div class=\"elementor-element elementor-element-e99a39e exad-sticky-section-no exad-glass-effect-no elementor-widget elementor-widget-text-editor\" data-id=\"e99a39e\" data-element_type=\"widget\" data-e-type=\"widget\" data-widget_type=\"text-editor.default\">\n\t\t\t\t\t\t\t\t\t<p>F\u00f6hrenstra\u00dfe 5\u00a0<\/p><p>4614 Marchtrenk<\/p><p>\u00a0<\/p><p><a href=\"mailto:maerzijun93@gmail.com\">maerzijun93@gmail.com<\/a><\/p><p>\u00a0<\/p><p><a style=\"background-color: #000000;\" href=\"tel:+436643900463\">+43 664 3900463<\/a><\/p>\t\t\t\t\t\t\t\t<\/div>\n\t\t\t\t\t<\/div>\n\t\t\t\t<\/div>\n\t\t\t\t<\/div>\n\t\t","protected":false},"excerpt":{"rendered":"<p>Martin M\u00e4rzinger F\u00f6hrenstra\u00dfe 5\u00a0 4614 Marchtrenk \u00a0 maerzijun93@gmail.com \u00a0 +43 664 3900463<\/p>\n","protected":false},"author":1,"featured_media":0,"parent":0,"menu_order":0,"comment_status":"closed","ping_status":"closed","template":"","meta":{"footnotes":""},"class_list":["post-165","page","type-page","status-publish","hentry"],"_links":{"self":[{"href":"https:\/\/www.icash.at\/index.php?rest_route=\/wp\/v2\/pages\/165","targetHints":{"allow":["GET"]}}],"collection":[{"href":"https:\/\/www.icash.at\/index.php?rest_route=\/wp\/v2\/pages"}],"about":[{"href":"https:\/\/www.icash.at\/index.php?rest_route=\/wp\/v2\/types\/page"}],"author":[{"embeddable":true,"href":"https:\/\/www.icash.at\/index.php?rest_route=\/wp\/v2\/users\/1"}],"replies":[{"embeddable":true,"href":"https:\/\/www.icash.at\/index.php?rest_route=%2Fwp%2Fv2%2Fcomments&post=165"}],"version-history":[{"count":51,"href":"https:\/\/www.icash.at\/index.php?rest_route=\/wp\/v2\/pages\/165\/revisions"}],"predecessor-version":[{"id":1445,"href":"https:\/\/www.icash.at\/index.php?rest_route=\/wp\/v2\/pages\/165\/revisions\/1445"}],"wp:attachment":[{"href":"https:\/\/www.icash.at\/index.php?rest_route=%2Fwp%2Fv2%2Fmedia&parent=165"}],"curies":[{"name":"wp","href":"https:\/\/api.w.org\/{rel}","templated":true}]}}